2 is divided by 529?
513
Calculate the remainder when 1588246 is divided by 87.
61
Calculate the remainder when 2178577 is divided by 241.
178
What is the remainder when 6869212 is divided by 19?
9
What is the remainder when 39724453 is divided by 19862187?
79
Calculate the remainder when 16513100 is divided by 1100872.
20
Calculate the remainder when 624008 is divided by 623971.
37
Calculate the remainder when 49927 is divided by 16374.
805
What is the remainder when 38811954 is divided by 77?
27
What is the remainder when 5065207 is divided by 9593?
103
Calculate the remainder when 8479164 is divided by 105.
99
Calculate the remainder when 687361 is divided by 106.
57
Calculate the remainder when 558405 is divided by 34790.
1765
What is the remainder when 1113787 is divided by 1530?
1477
Calculate the remainder when 1903417 is divided by 32.
25
Calculate the remainder when 1633151 is divided by 317.
284
What is the remainder when 8874511 is divided by 944?
911
Calculate the remainder when 106342 is divided by 105915.
427
Calculate the remainder when 418826 is divided by 2255.
1651
What is the remainder when 788459 is divided by 156?
35
What is the remainder when 159117 is divided by 1114?
929
What is the remainder when 14248623 is divided by 14248568?
55
Calculate the remainder when 334976 is divided by 55744.
512
What is the remainder when 2193972 is divided by 1630?
1622
What is the remainder when 170793841 is divided by 33?
31
Calculate the remainder when 620751109 is divided by 9717.
9715
Calculate the remainder when 534052 is divided by 517.
508
What is the remainder when 14743 is divided by 4060?
2563
What is the remainder when 4883807 is divided by 85680?
47
What is the remainder when 367650 is divided by 4957?
832
What is the remainder when 715576 is divided by 1502?
624
What is the remainder when 8278143 is divided by 13057?
5
Calculate the remainder when 143792 is divided by 2286.
2060
Calculate the remainder when 20590 is divided by 6562.
904
Calculate the remainder when 3500712 is divided by 131.
130
Calculate the remainder when 15668 is divided by 124.
44
What is the remainder when 102508 is divided by 481?
55
Calculate the remainder when 7808256 is divided by 573.
558
Calculate the remainder when 5070272 is divided by 563362.
14
Calculate the remainder when 32989225 is divided by 213.
211
Calculate the remainder when 191309 is divided by 1082.
877
Calculate the remainder when 608284 is divided by 103.
69
What is the remainder when 574793 is divided by 148?
109
Calculate the remainder when 47231 is divided by 9434.
61
Calculate the remainder when 3651441 is divided by 7.
3
What is the remainder when 7340239 is divided by 182?
179
Calculate the remainder when 191862 is divided by 421.
307
Calculate the remainder when 504766 is divided by 5929.
801
Calculate the remainder when 14940491 is divided by 167.
3
Calculate the remainder when 137765 is divided by 136424.
1341
Calculate the remainder when 12171 is divided by 9473.
2698
What is the remainder when 27675601 is divided by 1589?
1577
What is the remainder when 1222093 is divided by 49?
33
Calculate the remainder when 50512366 is divided by 183.
157
What is the remainder when 21197042 is divided by 21197038?
4
Calculate the remainder when 1580965 is divided by 143703.
232
What is the remainder when 127419 is divided by 117?
6
Calculate the remainder when 748259 is divided by 4997.
3706
What is the remainder when 8957 is divided by 2171?
273
What is the remainder when 5880272 is divided by 838?
26
Calculate the remainder when 1328146 is divided by 90.
16
Calculate the remainder when 93922 is divided by 3233.
165
What is the remainder when 783756 is divided by 71156?
1040
What is the remainder when 70605780 is divided by 1329?
1326
Calculate the remainder when 548475 is divided by 21092.
83
What is the remainder when 19743834 is divided by 299149?
0
What is the remainder when 157234 is divided by 113?
51
What is the remainder when 3568712 is divided by 13886?
10
What is the remainder when 438356 is divided by 145?
21
Calculate the remainder when 7280811 is divided by 251062.
13
Calculate the remainder when 403100 is divided by 4710.
2750
Calculate the remainder when 2813489 is divided by 90.
89
What is the remainder when 901703 is divided by 3495?
3488
What is the remainder when 42215 is divided by 4827?
3599
What is the remainder when 1585506 is divided by 238?
188
What is the remainder when 455072 is divided by 25278?
68
Calculate the remainder when 3697467 is divided by 9.
6
Calculate the remainder when 5059536 is divided by 3677.
3661
What is the remainder when 4369254 is divided by 453?
69
Calculate the remainder when 15263536 is divided by 17852.
76
What is the remainder when 5373999 is divided by 97709?
4
What is the remainder when 1789902 is divided by 5?
2
Calculate the remainder when 321595 is divided by 129.
127
What is the remainder when 5813202 is divided by 50993?
0
Calculate the remainder when 85482122 is divided by 100.
22
Calculate the remainder when 16368309 is divided by 793.
789
What is the remainder when 4320004 is divided by 34560?
4
Calculate the remainder when 1822203 is divided by 8.
3
What is the remainder when 6573525 is divided by 2191175?
0
Calculate the remainder when 394732381 is divided by 289.
286
What is the remainder when 384748 is divided by 6307?
21
Calculate the remainder when 149881 is divided by 696.
241
What is the remainder when 9734253 is divided by 203?
200
What is the remainder when 5252968 is divided by 26134?
34
What is the remainder when 113266 is divided by 37748?
22
Calculate the remainder when 44309 is divided by 1298.
177
Calculate the remainder when 291574 is divided by 3103.
2995
Calculate the remainder when 6745259 is divided by 1734.
1733
Calculate the remainder when 73132291 is divided by 194.
111
What is the remainder when 30147879 is divided by 1598?
11
Calculate the remainder when 726804 is divided by 363251.
302
What is the remainder when 505516 is divided by 6236?
400
What is the remainder when 2555416 is divided by 43312?
8
Calculate the remainder when 93124 is divided by 90030.
3094
What is the remainder when 17557 is divided by 336?
85
What is the remainder when 43474674 is divided by 3127?
3120
Calculate the remainder when 1078502 is divided by 488.
22
Calculate the remainder when 287546 is divided by 1496.
314
What is the remainder when 1373529 is divided by 1373498?
31
What is the remainder when 2884394 is divided by 1173?
1160
What is the remainder when 16570949 is divided by 789092?
17
Calculate the remainder when 489118 is divided by 3943.
186
Calculate the remainder when 385219000 is divided by 379.
368
Calculate the remainder when 8622717 is divided by 3992.
3989
Calculate the remainder when 3839890 is divided by 2689.
2687
What is the remainder when 6509436 is divided by 48218?
6
Calculate the remainder when 863730 is divided by 2918.
2
Calculate the remainder when 103077 is divided by 204.
57
Calculate the remainder when 10381770 is divided by 3460540.
150
What is the remainder when 323571 is divided by 157?
151
Calculate the remainder when 3764692 is divided by 1366.
1362
Calculate the remainder when 117342 is divided by 58534.
274
Calculate the remainder when 52223461 is divided by 307.
305
What is the remainder when 8296699 is divided by 40?
19
Calculate the remainder when 1051718 is divided by 5425.
4693
What is the remainder when 2180503 is divided by 7547?
6967
What is the remainder when 11799590 is divided by 1072683?
77
What is the remainder when 592296 is divided by 19105?
41
What is the remainder when 17083774 is divided by 4270939?
18
Calculate the remainder when 88079 is divided by 22019.
3
What is the remainder when 6065860 is divided by 213?
46
Calculate the remainder when 49639583 is divided by 261.
254
Calculate the remainder when 5811447 is divided by 795.
792
Calculate the remainder when 591571 is divided by 591472.
99
Calculate the remainder when 660993358 is divided by 1388.
1386
What is the remainder when 356685 is divided by 25475?
35
Calculate the remainder when 3424979 is divided by 861.
782
Calculate the remainder when 20651224 is divided by 897879.
7
Calculate the remainder wh